third derivative of x**5/60 + 5*x**4/6 + 131*x**3/6 + 45*x**2 - 2*x. Let h be k(-10). What is the greatest common factor of 155 and h?
31
Suppose -85 = -3*c + 2*p, -4*c + 5*p - 3*p + 110 = 0. Suppose -6*d + 17 = -c. Suppose 6*o + 14 = d*o. What is the highest common divisor of 84 and o?
14
Let f = -1324 + 1871. Let h = f - 536. Calculate the highest common factor of 121 and h.
11
Suppose -20*w + 60102 = w. What is the highest common divisor of 212 and w?
106
Let o(c) = 353*c**2 - 3*c - 2. Let j be o(2). What is the greatest common factor of 180 and j?
36
Suppose -54036 = -17*g - 21*g. Suppose -g = -47*o + 411. Calculate the highest common divisor of o and 1677.
39
Let c(g) = -14*g + 109. Suppose -399 + 364 = -5*n. Let y be c(n). What is the highest common divisor of y and 253?
11
Let c be ((-7 - -4 - -5) + -1)*3. Suppose -143 + 11 = -3*o + c*d, -4*o = 4*d - 208. What is the highest common factor of 64 and o?
16
Let w(h) be the second derivative of h**4/12 + 4*h**3/3 + 13*h**2 + 15*h + 2. Let u be w(-14). What is the highest common divisor of 10 and u?
10
Let c(t) = -t**2 + 4*t + 14. Let u be c(-2). Suppose 0 = -3*z - u*k + 52, -z + 29 = 5*k - 10. What is the greatest common factor of z and 42?
14
Suppose 0 = -11*z + 3*z + 24. Suppose 3*v - 4*v + 2*j + 23 = 0, z*v = 2*j + 53. What is the greatest common factor of v and 80?
5
Let q(u) = 48*u**2 - 19*u + 3. Let r be q(1). Calculate the greatest common divisor of r and 9248.
32
Suppose f - 2*l - 24172 = 0, -4*l + 7425 = f - 16741. What is the highest common factor of f and 20?
10
Let q be (0 - (-6)/(-9))*1053/(-9). Let i = q + -52. Suppose i = 2*h - h + 4*z, -2*z = -h - 4. What is the greatest common factor of h and 48?
6
Suppose -5*k + 5*f + 184 = 99, 103 = 5*k + f. Suppose 2*x - 66 = -0*x + 2*y, -4*y - 24 = -x. Calculate the greatest common divisor of x and k.
4
Let s be (-15718)/(-203) - (-6)/(-14). What is the highest common factor of s and 297?
11
Let r be 0 - (-16)/28 - (-1330)/931. Let d = 6 - 4. Suppose 2*x - 6*z - 32 = -d*z, 5 = z. Calculate the highest common divisor of x and r.
2
Let z = -24 - -25. Let r(m) = -47*m**3 + m - 1. Let b be r(z). Let o = -46 - b. Calculate the greatest common divisor of o and 1.
1
Let h = -18464 - -19014. Calculate the highest common factor of 220 and h.
110
Suppose -24 = -43*a + 37*a. Suppose -r + 2*c - a*c = -14, 0 = 5*c - 25. Calculate the greatest common factor of r and 3.
1
Let d(x) = 192*x**2 - 43*x - 2. Let o be d(2). Suppose f + o = 18*f. What is the greatest common divisor of 440 and f?
40
Let k(q) = -2*q + 14. Let s be k(10). Let w be 4/s + (-106)/(-6). Let r be (-4*11/77)/((-4)/238). Calculate the greatest common divisor of r and w.
17
Let y(z) = 4*z**2 + 439*z + 886. Let m be y(-2). Suppose -243 = -5*p + 3*r - 2*r, -5*r + 33 = p. What is the greatest common divisor of p and m?
24
Let c = -628 - 89. Let m = c + 722. Calculate the greatest common factor of m and 505.
5
Let g be 2*163 + (1/(-4) - 21/28). Calculate the greatest common divisor of g and 1495.
65
Let j = -417 - -414. Let l be 4/j*(-189)/(-18)*-16. Calculate the greatest common factor of 7 and l.
7
Let r = -4696 - -4764. Calculate the highest common divisor of 2873 and r.
17
Let z = 2649 + -1366. Let v = z + -767. Calculate the greatest common divisor of 12 and v.
12
Let f(z) = -2*z**3 - z**2 + z - 19. Let l be f(0). Let c = l + 23. What is the highest common factor of c and 5?
1
Let k = 352 + -634. Let m be k/(-658) + (-274)/(-14). What is the highest common divisor of 95 and m?
5
Suppose 13440 = -19*c + 24*c. Suppose 0 = 8*h + 4*h - c. What is the highest common factor of 28 and h?
28
Suppose -1294 = -2*k - 2*z, -2*k + 51*z = 54*z - 1301. What is the greatest common divisor of 440 and k?
40
Let o = 1479 + -1430. Calculate the greatest common divisor of 287 and o.
7
Let k be ((-30)/4)/((-2)/8). Let x = 44360 + -44354. What is the greatest common divisor of k and x?
6
Let c = 338 - 342. Let o be 3*12/(-27)*6/c. Calculate the highest common factor of o and 2.
2
Suppose 45*a - 1392 - 1327 = -559. Calculate the highest common factor of a and 2192.
16
Let q(r) = 16*r**2 + 3*r. Let w be q(-5). Suppose 22*j - 7105 = -58*j - 123*j. Calculate the highest common divisor of w and j.
35
Let h(r) = 130*r**3 - 2*r**2 + 2*r - 1. Let g be h(1). Suppose 70*a - 43 = 69*a - 5*f, -3*a - 23 = -4*f. Calculate the highest common factor of g and a.
3
Let q(j) = 897*j - 989. Let n be q(4). Calculate the highest common divisor of n and 113.
113
Let f(p) be the third derivative of -7/2*p**3 - 7*p**2 + 0 + 0*p - 1/8*p**4 + 1/30*p**5. Let r be f(-9). Calculate the highest common factor of r and 24.
24
Let t = 5579 + -5104. Calculate the greatest common factor of t and 1159.
19
Suppose -v + 5*u = 689, -2*u - 2446 - 945 = 5*v. Let g = 715 + v. Calculate the highest common factor of 45 and g.
9
Suppose 0 = 6*o - o - 975. Let k be (-1 + 22/6)*810/30. Let y be (117/(-36))/((-147)/k - -2). What is the highest common factor of y and o?
39
Suppose 22*f = 27*f - 10. Let x(w) = -68*w**f + 17 + w**3 - 4*w + 29*w + 36*w**2 + 17*w**2. Let s be x(13). Calculate the highest common factor of s and 10.
2
Suppose -67*y + 15*y + 9984 = 0. Let k = y - 167. What is the greatest common divisor of 45 and k?
5
Suppose 2363*c - 2293*c = 7000. Calculate the greatest common factor of c and 1900.
100
Let h = 176 - -2832. Calculate the greatest common factor of h and 32.
32
Suppose 0 = 8*v - 654 + 54. Let r = v - 67. Let z be 30/(1/r*4). Calculate the highest common factor of 40 and z.
20
Let d(u) = -4*u**3 - 9*u**2 - 78*u - 2. Let h be d(-5). Calculate the greatest common divisor of h and 204.
51
Let b(c) = c**3 - 25*c**2 + 136*c + 150. Let r be b(16). What is the highest common factor of 2849 and r?
11
Let f(q) = 197*q - 2323. Let h be f(12). Calculate the highest common factor of 1 and h.
1
Suppose q - 352 = 33. Suppose 0 = -119*s + 10079 - 3534. Calculate the greatest common divisor of q and s.
55
Suppose -5*n = 2*w - 14 - 1, 0 = -n + 3. Suppose 5*v = -w*v - 5*f + 80, -5*v + f = -56. Calculate the greatest common factor of 24 and v.
12
Let u(v) = -2*v + 46 - 10 + 0*v. Suppose 16*r - 173 - 35 = 0. Let g be u(r). What is the highest common divisor of 4 and g?
2
Let h = -18359 + 24407. What is the greatest common divisor of 112 and h?
112
Let z be (-845)/(-78)*-1*(-6)/1. Suppose 2*l - 36 = -r, 2*r - l - z = 2*l. Calculate the greatest common divisor of 2 and r.
2
Let j(w) = 9*w**2 - 3870*w - 11664. Let u be j(433). Suppose -4*i = -5*x - 43 + 13, 5 = i. Let z = x - -5. What is the highest common factor of u and z?
3
Suppose 8*i + 861 = 85*i - 36*i. Suppose -b = -5*b + 60. Calculate the highest common factor of b and i.
3
Let a be 0 - 2 - ((-1 - -5) + -182). Let q be (-1)/((-6)/480) + 0 + -4. Suppose 72*z + 88 = q*z. Calculate the greatest common factor of a and z.
22
Let w = -249 - -433. Let a = -4 + 6. Suppose -a*u + w = -248. Calculate the greatest common divisor of 24 and u.
24
Let n = 21 - 10. Let h = n + 13. Suppose -2*k = 0, -81*v + 79*v = -2*k - 18. Calculate the highest common factor of h and v.
3
Suppose -4*w = -2775 - 4449. What is the greatest common divisor of w and 336?
42
Let d be (0/(5 - 2) - -19)*5. Suppose d = 6*r + 11. What is the greatest common factor of r and 658?
14
Let z = 21672 + -21608. What is the highest common divisor of 1800 and z?
8
Let l(t) = -t**2 - 71*t - 1214. Let n be l(-29). Calculate the greatest common factor of 172 and n.
4
Suppose -69*z + 2265 = -74*z. Let c = 708 + z. What is the greatest common divisor of c and 15?
15
Let y be 16 + 1 + 0 + -1. Let u be 168/(-420) + 36/(-10). Let v be y*((-15)/u + -1). What is the highest common factor of 22 and v?
22
Suppose -2*w + 379 = -3*x, 7*x + 128 = 6*x + w. Let f be (-6)/(-4) + x/(-2). Calculate the greatest common divisor of 7 and f.
7
Let q = -10825 - -12889. Calculate the greatest common divisor of 1161 and q.
129
Let i be 152/(-10)*(-45 - -25). Let w = i - 244. Calculate the greatest common factor of w and 36.
12
Let n = 7191 - 5144. Calculate the greatest common divisor of n and 89.
89
Suppose -3*m = -2*t - 6*m - 135, 3*t + 222 = 2*m. Let n = t - -77. Let o be ((-4)/(-2))/(n/70). What is the greatest common divisor of o and 14?
14
Let q(o) = o**2 - 4*o